{"id":1769,"date":"2026-06-25T15:45:15","date_gmt":"2026-06-25T15:45:15","guid":{"rendered":"https:\/\/nextgenc.net\/?post_type=publicaciones&#038;p=1769"},"modified":"2026-06-25T15:45:15","modified_gmt":"2026-06-25T15:45:15","slug":"como-cuidarnos-entre-jovenes-indigenas-frente-a-las-violencias-de-genero","status":"publish","type":"publicaciones","link":"https:\/\/nextgenc.net\/en\/publicaciones\/como-cuidarnos-entre-jovenes-indigenas-frente-a-las-violencias-de-genero\/","title":{"rendered":"\u00bfC\u00f3mo cuidarnos entre j\u00f3venes ind\u00edgenas frente a las violencias de g\u00e9nero?"},"content":{"rendered":"","protected":false},"featured_media":0,"template":"","class_list":["post-1769","publicaciones","type-publicaciones","status-publish","hentry"],"acf":[],"_links":{"self":[{"href":"https:\/\/nextgenc.net\/en\/wp-json\/wp\/v2\/publicaciones\/1769","targetHints":{"allow":["GET"]}}],"collection":[{"href":"https:\/\/nextgenc.net\/en\/wp-json\/wp\/v2\/publicaciones"}],"about":[{"href":"https:\/\/nextgenc.net\/en\/wp-json\/wp\/v2\/types\/publicaciones"}],"wp:attachment":[{"href":"https:\/\/nextgenc.net\/en\/wp-json\/wp\/v2\/media?parent=1769"}],"curies":[{"name":"wp","href":"https:\/\/api.w.org\/{rel}","templated":true}]}}

¿Cómo cuidarnos entre jóvenes indígenas frente a las violencias de género?
