{"id":1856,"date":"2026-08-26T17:21:19","date_gmt":"2026-08-26T17:21:19","guid":{"rendered":"https:\/\/nextgenc.net\/?post_type=altavoz&#038;p=1856"},"modified":"2026-08-31T13:45:04","modified_gmt":"2026-08-31T13:45:04","slug":"agustina-soy","status":"publish","type":"altavoz","link":"https:\/\/nextgenc.net\/en\/altavoz\/agustina-soy\/","title":{"rendered":"Agustina soy"},"content":{"rendered":"<p class=\"wp-block-paragraph\"><em>Valentina C\u00f3rdoba Palacios, Cocco Kilele, es una joven poeta, escritora, artista y lideresa cultural del Choc\u00f3. En este Altavoz, cuenta la historia que inspir\u00f3 <\/em>Agustina soy<em>, un poema que escribi\u00f3 hace algunos a\u00f1os y que hoy comparte con nosotros<\/em>:<\/p>\n\n\n\n<p class=\"wp-block-paragraph\">Bueno, Agustina fue una mujer negra esclavizada en el municipio de Tad\u00f3 que fue abusada por quien entonces era su amo o due\u00f1o, Miguel. Y resulta que eso podr\u00eda no ser algo extra\u00f1o para la \u00e9poca. Sin embargo, para el a\u00f1o en el que estaba Agustina, ella ten\u00eda la posibilidad de denunciarlo, o sea, de expresar que estaba inconforme con eso. Y, como era de esperarse, pues no pas\u00f3 nada. Miguel no quer\u00eda que Agustina tuviera el beb\u00e9 porque, para \u00e9l, era una aberraci\u00f3n que una mujer negra pariera a su hijo. Por lo tanto, a golpes hicieron que el beb\u00e9 de Agustina muriera. Y lo que hizo Agustina, como una forma de dignificar su rabia y de, literalmente, poner la vida por la vida (porque despu\u00e9s de esto Agustina fue asesinada), fue no solo prender esa hacienda donde estaba con Miguel, sino organizar incendios en distintas tierras que pertenec\u00edan a ese hombre. Entonces, por eso, el d\u00eda de hoy ustedes pueden encontrar en Tad\u00f3 una estatua en honor a Agustina. Y por eso existe ese poema de Agustina.<\/p>\n\n\n\n<p class=\"wp-block-paragraph\">Y yo estoy aqu\u00ed para recitarles un poema que escrib\u00ed hace unos a\u00f1os y se llama <em>Agustina soy<\/em>.<\/p>\n\n\n\n<p class=\"wp-block-paragraph\">Soy Cocco Kilele, hija de Yiris, parida por Rozana y Paulina, nieta de Rosa Cruz y descendiente de Rosa Mar\u00eda.<\/p>\n\n\n\n<p class=\"wp-block-paragraph\">Y yo soy porque todas ellas fueron.<\/p>\n\n\n\n<p class=\"wp-block-paragraph\"><em>Agustina soy<\/em> dice:<\/p>\n\n\n\n<p class=\"has-text-align-center wp-block-paragraph\">Soy memoria, memoria tengo<br>y memoria siento.<br>Renazco alrededor de elementales, me alzo,<br>levito sobre la tierra,<br>pongo mi voz en el aire,<br>regreso a la ra\u00edz.<\/p>\n\n\n\n<p class=\"has-text-align-center wp-block-paragraph\">Yo soy \u00c1frica, madre,<br>bendita diosa,<br>descendiente de Shun,<br>a mis ancestros me aprecio.<\/p>\n\n\n\n<p class=\"has-text-align-center wp-block-paragraph\">Soy la escuerpes en el barco,<br>el azote y cicatriz,<br>las cadenas y los llantos de mis hermanas,<br>el sentir,<br>el desembarque en Atrato,<br>el camino hacia Llor\u00f3.<\/p>\n\n\n\n<p class=\"has-text-align-center wp-block-paragraph\">Yo soy la mayor Agustina,<br>prend\u00ed hacienda,<br>en Tad\u00f3 esclavizada me encontraba<br>a manos de un hombre llamado Miguel.<\/p>\n\n\n\n<p class=\"has-text-align-center wp-block-paragraph\">Despu\u00e9s de violarme, quer\u00eda lastimarme m\u00e1s.<br>\u00c9l que abortara me dec\u00eda.<br>\u00c9l me quer\u00eda obligar,<br>yo me negu\u00e9<br>y me comenz\u00f3 a azotar.<\/p>\n\n\n\n<p class=\"has-text-align-center wp-block-paragraph\">Y a denunciarlo fui<br>y la corte fall\u00f3 en mi contra.<br>Inexplicable el dolor.<br>Golpe tras golpe,<br>mi vientre soport\u00f3<br>y el fruto que hab\u00eda en \u00e9l<br>cruelmente muri\u00f3.<\/p>\n\n\n\n<p class=\"has-text-align-center wp-block-paragraph\">Y en voz de las mayores<br>mi historia hoy est\u00e1,<br>y lo que hice con ayuda del fuego<br>voy a contar.<\/p>\n\n\n\n<p class=\"has-text-align-center wp-block-paragraph\">Imag\u00ednense, me fui<br>de hacienda en hacienda<br>y en mi nombre las hice arder,<br>en el nombre de los ancestros<br>y en el nombre de todo nuestro ir\u00e9.<\/p>\n\n\n\n<p class=\"has-text-align-center wp-block-paragraph\">Y le quem\u00e9 la casa del amo.<br>Yo, mujer negra,<br>la casa del amo incendi\u00e9.<br>Yo, hija del fuego,<br>hoy proclamo que quemo<br>el racismo del amo,<br>la opresi\u00f3n del amo,<br>el patriarcado del amo.<\/p>\n\n\n\n<p class=\"has-text-align-center wp-block-paragraph\">Y si es posible,<br>hoy todos nos quemamos.<\/p>\n\n\n\n<p class=\"has-text-align-center wp-block-paragraph\">Le prendo fuego al dolor que me atraviesa.<br>Le prendo fuego a la herida colonial.<br>Le prendo fuego a lo que me lastima.<br>Y en el fuego me permito sanar.<\/p>\n\n\n\n<p class=\"has-text-align-center wp-block-paragraph\">Renazco en cada una de mis hermanas,<br>negras, d\u00f3bias, danzantes.<br>Estamos conectadas<br>a un solo coraz\u00f3n.<\/p>\n\n\n\n<p class=\"has-text-align-center wp-block-paragraph\">Hoy es un d\u00eda hist\u00f3rico.<br>Pues las Agustinas,<br>prendimos este sal\u00f3n.<\/p>","protected":false},"excerpt":{"rendered":"<p>Valentina C\u00f3rdoba Palacios, Cocco Kilele, es una joven poeta, escritora, artista y lideresa cultural del Choc\u00f3. En este Altavoz, cuenta la historia que inspir\u00f3 Agustina soy, un poema que escribi\u00f3 hace algunos a\u00f1os y que hoy comparte con nosotros: Bueno, Agustina fue una mujer negra esclavizada en el municipio de Tad\u00f3 que fue abusada por&hellip;<\/p>","protected":false},"author":1,"featured_media":1857,"template":"","class_list":["post-1856","altavoz","type-altavoz","status-publish","has-post-thumbnail","hentry"],"acf":[],"_links":{"self":[{"href":"https:\/\/nextgenc.net\/en\/wp-json\/wp\/v2\/altavoz\/1856","targetHints":{"allow":["GET"]}}],"collection":[{"href":"https:\/\/nextgenc.net\/en\/wp-json\/wp\/v2\/altavoz"}],"about":[{"href":"https:\/\/nextgenc.net\/en\/wp-json\/wp\/v2\/types\/altavoz"}],"author":[{"embeddable":true,"href":"https:\/\/nextgenc.net\/en\/wp-json\/wp\/v2\/users\/1"}],"version-history":[{"count":5,"href":"https:\/\/nextgenc.net\/en\/wp-json\/wp\/v2\/altavoz\/1856\/revisions"}],"predecessor-version":[{"id":1865,"href":"https:\/\/nextgenc.net\/en\/wp-json\/wp\/v2\/altavoz\/1856\/revisions\/1865"}],"wp:featuredmedia":[{"embeddable":true,"href":"https:\/\/nextgenc.net\/en\/wp-json\/wp\/v2\/media\/1857"}],"wp:attachment":[{"href":"https:\/\/nextgenc.net\/en\/wp-json\/wp\/v2\/media?parent=1856"}],"curies":[{"name":"wp","href":"https:\/\/api.w.org\/{rel}","templated":true}]}}

<p class="wp-block-paragraph"><em>Valentina Córdoba Palacios, Cocco Kilele, es una joven poeta, escritora, artista y lideresa cultural del Chocó. En este Altavoz, cuenta la historia que inspiró </em>Agustina soy<em>, un poema que escribió hace algunos años y que hoy comparte con nosotros</em>:</p>



<p class="wp-block-paragraph">Bueno, Agustina fue una mujer negra esclavizada en el municipio de Tadó que fue abusada por quien entonces era su amo o dueño, Miguel. Y resulta que eso podría no ser algo extraño para la época. Sin embargo, para el año en el que estaba Agustina, ella tenía la posibilidad de denunciarlo, o sea, de expresar que estaba inconforme con eso. Y, como era de esperarse, pues no pasó nada. Miguel no quería que Agustina tuviera el bebé porque, para él, era una aberración que una mujer negra pariera a su hijo. Por lo tanto, a golpes hicieron que el bebé de Agustina muriera. Y lo que hizo Agustina, como una forma de dignificar su rabia y de, literalmente, poner la vida por la vida (porque después de esto Agustina fue asesinada), fue no solo prender esa hacienda donde estaba con Miguel, sino organizar incendios en distintas tierras que pertenecían a ese hombre. Entonces, por eso, el día de hoy ustedes pueden encontrar en Tadó una estatua en honor a Agustina. Y por eso existe ese poema de Agustina.</p>



<p class="wp-block-paragraph">Y yo estoy aquí para recitarles un poema que escribí hace unos años y se llama <em>Agustina soy</em>.</p>



<p class="wp-block-paragraph">Soy Cocco Kilele, hija de Yiris, parida por Rozana y Paulina, nieta de Rosa Cruz y descendiente de Rosa María.</p>



<p class="wp-block-paragraph">Y yo soy porque todas ellas fueron.</p>



<p class="wp-block-paragraph"><em>Agustina soy</em> dice:</p>



<p class="has-text-align-center wp-block-paragraph">Soy memoria, memoria tengo<br>y memoria siento.<br>Renazco alrededor de elementales, me alzo,<br>levito sobre la tierra,<br>pongo mi voz en el aire,<br>regreso a la raíz.</p>



<p class="has-text-align-center wp-block-paragraph">Yo soy África, madre,<br>bendita diosa,<br>descendiente de Shun,<br>a mis ancestros me aprecio.</p>



<p class="has-text-align-center wp-block-paragraph">Soy la escuerpes en el barco,<br>el azote y cicatriz,<br>las cadenas y los llantos de mis hermanas,<br>el sentir,<br>el desembarque en Atrato,<br>el camino hacia Lloró.</p>



<p class="has-text-align-center wp-block-paragraph">Yo soy la mayor Agustina,<br>prendí hacienda,<br>en Tadó esclavizada me encontraba<br>a manos de un hombre llamado Miguel.</p>



<p class="has-text-align-center wp-block-paragraph">Después de violarme, quería lastimarme más.<br>Él que abortara me decía.<br>Él me quería obligar,<br>yo me negué<br>y me comenzó a azotar.</p>



<p class="has-text-align-center wp-block-paragraph">Y a denunciarlo fui<br>y la corte falló en mi contra.<br>Inexplicable el dolor.<br>Golpe tras golpe,<br>mi vientre soportó<br>y el fruto que había en él<br>cruelmente murió.</p>



<p class="has-text-align-center wp-block-paragraph">Y en voz de las mayores<br>mi historia hoy está,<br>y lo que hice con ayuda del fuego<br>voy a contar.</p>



<p class="has-text-align-center wp-block-paragraph">Imagínense, me fui<br>de hacienda en hacienda<br>y en mi nombre las hice arder,<br>en el nombre de los ancestros<br>y en el nombre de todo nuestro iré.</p>



<p class="has-text-align-center wp-block-paragraph">Y le quemé la casa del amo.<br>Yo, mujer negra,<br>la casa del amo incendié.<br>Yo, hija del fuego,<br>hoy proclamo que quemo<br>el racismo del amo,<br>la opresión del amo,<br>el patriarcado del amo.</p>



<p class="has-text-align-center wp-block-paragraph">Y si es posible,<br>hoy todos nos quemamos.</p>



<p class="has-text-align-center wp-block-paragraph">Le prendo fuego al dolor que me atraviesa.<br>Le prendo fuego a la herida colonial.<br>Le prendo fuego a lo que me lastima.<br>Y en el fuego me permito sanar.</p>



<p class="has-text-align-center wp-block-paragraph">Renazco en cada una de mis hermanas,<br>negras, dóbias, danzantes.<br>Estamos conectadas<br>a un solo corazón.</p>



<p class="has-text-align-center wp-block-paragraph">Hoy es un día histórico.<br>Pues las Agustinas,<br>prendimos este salón.</p>

<p>Valentina Córdoba Palacios, Cocco Kilele, es una joven poeta, escritora, artista y lideresa cultural del Chocó. En este Altavoz, cuenta la historia que inspiró Agustina soy, un poema que escribió hace algunos años y que hoy comparte con nosotros: Bueno, Agustina fue una mujer negra esclavizada en el municipio de Tadó que fue abusada por&hellip;</p>
