{"id":1813,"date":"2026-07-29T15:12:01","date_gmt":"2026-07-29T15:12:01","guid":{"rendered":"https:\/\/nextgenc.net\/?post_type=altavoz&#038;p=1813"},"modified":"2026-07-29T15:12:01","modified_gmt":"2026-07-29T15:12:01","slug":"ser-mama-sin-dejar-de-ser-lider-o-ser-lider-sin-dejar-de-ser-mama","status":"publish","type":"altavoz","link":"https:\/\/nextgenc.net\/en\/altavoz\/ser-mama-sin-dejar-de-ser-lider-o-ser-lider-sin-dejar-de-ser-mama\/","title":{"rendered":"Ser mam\u00e1 sin dejar de ser l\u00edder (o ser l\u00edder sin dejar de ser mam\u00e1)"},"content":{"rendered":"<p class=\"wp-block-paragraph\">Cuando fui mam\u00e1, por momentos sent\u00ed que ten\u00eda que elegir. Elegir entre seguir cumpliendo con mis roles de liderazgo o cumplir con mi nuevo rol de madre. Los tiempos se cruzaban, las responsabilidades tambi\u00e9n y apareci\u00f3 la frustraci\u00f3n de querer hacer ambas cosas bien y sentir que, tal vez, no pod\u00eda. Sentir que no iba a poder con todo al tiempo.<\/p>\n\n\n\n<p class=\"wp-block-paragraph\">Llevo vinculada a procesos de liderazgo desde los 17 a\u00f1os. Mi trabajo ha estado enfocado en lo c\u00edvico y lo social, en la defensa de los derechos humanos, de las mujeres y en la construcci\u00f3n de paz. Durante a\u00f1os, ser parte de estos procesos ha sido una parte importante de mi vida. Pero con la maternidad lleg\u00f3 una pregunta que no hab\u00eda tenido que enfrentar antes: \u00bfc\u00f3mo seguir siendo l\u00edder y, al mismo tiempo, ser la mam\u00e1 que quer\u00eda ser?<\/p>\n\n\n\n<p class=\"wp-block-paragraph\">Al principio fue muy dif\u00edcil. Hubo un momento en el que incluso pens\u00e9 en dejar el liderazgo para liberar mi tiempo y poder ser una \u201cmuy buena mam\u00e1\u201d. Pensaba que no pod\u00eda ser ambas cosas. Conciliar esos dos lugares ha sido un proceso. Tuve que comprender que la vida no se deten\u00eda con la maternidad. Mi hija iba a crecer y muchas de las luchas por las que hab\u00eda trabajado seguir\u00e1n ah\u00ed. Entonces entend\u00ed tambi\u00e9n que continuar ten\u00eda que ver con ella, con su futuro.<\/p>\n\n\n\n<p class=\"wp-block-paragraph\">Quiero dejarle un legado. Quiero que mi nombre est\u00e9 vinculado a algo importante para mi comunidad y que alg\u00fan d\u00eda mi hija pueda sentirse orgullosa de lo que su mam\u00e1 ayud\u00f3 a construir. Pensar en eso se convirti\u00f3 en uno de mis motores para seguir.<\/p>\n\n\n\n<p class=\"wp-block-paragraph\"><div class=\"altavoz-quote\">  <div class=\"altavoz-quote__inner\">    <div class=\"altavoz-quote__text\"><p> Lo m\u00e1s dif\u00edcil sigue siendo intentar hacer bien las dos cosas: ser mam\u00e1 y ser l\u00edder. No desatender una por hacer la otra. En ese proceso he entendido algo fundamental: no puedo hacerlo sola.<\/p>\n<\/div>    <div class=\"altavoz-quote__by\">\u2014 Kathleen Palacios<\/div>  <\/div><\/div><\/p>\n\n\n\n<p class=\"wp-block-paragraph\">Hoy mi hija tiene 18 meses. Trabajo, estudio y estoy escribiendo la monograf\u00eda para graduarme de mi segunda carrera. Tambi\u00e9n sigo inmersa en procesos de liderazgo y actualmente soy presidenta de la Fundaci\u00f3n Umoja, desde donde trabajamos por el empoderamiento femenino y por fortalecer el papel de las mujeres en la construcci\u00f3n de paz.&nbsp;<\/p>\n\n\n\n<p class=\"wp-block-paragraph\">Sin embargo, hacer todo esto no significa que haya encontrado una f\u00f3rmula para equilibrarlo perfectamente. Lo m\u00e1s dif\u00edcil sigue siendo intentar hacer bien las dos cosas: ser mam\u00e1 y ser l\u00edder. No desatender una por hacer la otra. En ese proceso he entendido algo fundamental: no puedo hacerlo sola. Contar con una red de apoyo ha sido indispensable. Hubo momentos en los que no pod\u00eda asistir a una reuni\u00f3n y las personas con las que trabajaba iban hasta mi casa. En otras ocasiones, mi familia pod\u00eda cuidar a mi hija y eso me permit\u00eda continuar participando en las din\u00e1micas de liderazgo.<\/p>\n\n\n\n<p class=\"wp-block-paragraph\">A veces nos quedamos calladas porque creemos que tenemos que poder con todo. Pero tambi\u00e9n tenemos que aprender a pedir ayuda cuando la necesitamos. Mirar la historia de otras lideresas que han podido continuar tambi\u00e9n ayuda. Nos recuerda que no estamos solas y que la maternidad no tiene por qu\u00e9 significar renunciar a aquello que hemos construido, por lo que hemos trabajado desde hace tanto.<\/p>\n\n\n\n<p class=\"wp-block-paragraph\">Quiero seguir siendo parte de las din\u00e1micas de liderazgo de mi territorio. Quiero ser un referente para otras mujeres y para mi comunidad. Quiero aportar a la construcci\u00f3n de un mejor Choc\u00f3, donde nuestras acciones contribuyan a la paz y a una mejor convivencia.<\/p>\n\n\n\n<p class=\"wp-block-paragraph\">Ser mam\u00e1 transform\u00f3 mi vida, pero no acab\u00f3 con mi liderazgo. Ahora tambi\u00e9n s\u00e9 por qui\u00e9n quiero seguir construyendo ese camino.<\/p>","protected":false},"excerpt":{"rendered":"<p>Cuando fui mam\u00e1, por momentos sent\u00ed que ten\u00eda que elegir. Elegir entre seguir cumpliendo con mis roles de liderazgo o cumplir con mi nuevo rol de madre. Los tiempos se cruzaban, las responsabilidades tambi\u00e9n y apareci\u00f3 la frustraci\u00f3n de querer hacer ambas cosas bien y sentir que, tal vez, no pod\u00eda. Sentir que no iba&hellip;<\/p>","protected":false},"author":1,"featured_media":1814,"template":"","class_list":["post-1813","altavoz","type-altavoz","status-publish","has-post-thumbnail","hentry"],"acf":[],"_links":{"self":[{"href":"https:\/\/nextgenc.net\/en\/wp-json\/wp\/v2\/altavoz\/1813","targetHints":{"allow":["GET"]}}],"collection":[{"href":"https:\/\/nextgenc.net\/en\/wp-json\/wp\/v2\/altavoz"}],"about":[{"href":"https:\/\/nextgenc.net\/en\/wp-json\/wp\/v2\/types\/altavoz"}],"author":[{"embeddable":true,"href":"https:\/\/nextgenc.net\/en\/wp-json\/wp\/v2\/users\/1"}],"version-history":[{"count":1,"href":"https:\/\/nextgenc.net\/en\/wp-json\/wp\/v2\/altavoz\/1813\/revisions"}],"predecessor-version":[{"id":1816,"href":"https:\/\/nextgenc.net\/en\/wp-json\/wp\/v2\/altavoz\/1813\/revisions\/1816"}],"wp:featuredmedia":[{"embeddable":true,"href":"https:\/\/nextgenc.net\/en\/wp-json\/wp\/v2\/media\/1814"}],"wp:attachment":[{"href":"https:\/\/nextgenc.net\/en\/wp-json\/wp\/v2\/media?parent=1813"}],"curies":[{"name":"wp","href":"https:\/\/api.w.org\/{rel}","templated":true}]}}

Ser mamá sin dejar de ser líder (o ser líder sin dejar de ser mamá)

<p class="wp-block-paragraph">Cuando fui mamá, por momentos sentí que tenía que elegir. Elegir entre seguir cumpliendo con mis roles de liderazgo o cumplir con mi nuevo rol de madre. Los tiempos se cruzaban, las responsabilidades también y apareció la frustración de querer hacer ambas cosas bien y sentir que, tal vez, no podía. Sentir que no iba a poder con todo al tiempo.</p>



<p class="wp-block-paragraph">Llevo vinculada a procesos de liderazgo desde los 17 años. Mi trabajo ha estado enfocado en lo cívico y lo social, en la defensa de los derechos humanos, de las mujeres y en la construcción de paz. Durante años, ser parte de estos procesos ha sido una parte importante de mi vida. Pero con la maternidad llegó una pregunta que no había tenido que enfrentar antes: ¿cómo seguir siendo líder y, al mismo tiempo, ser la mamá que quería ser?</p>



<p class="wp-block-paragraph">Al principio fue muy difícil. Hubo un momento en el que incluso pensé en dejar el liderazgo para liberar mi tiempo y poder ser una “muy buena mamá”. Pensaba que no podía ser ambas cosas. Conciliar esos dos lugares ha sido un proceso. Tuve que comprender que la vida no se detenía con la maternidad. Mi hija iba a crecer y muchas de las luchas por las que había trabajado seguirán ahí. Entonces entendí también que continuar tenía que ver con ella, con su futuro.</p>



<p class="wp-block-paragraph">Quiero dejarle un legado. Quiero que mi nombre esté vinculado a algo importante para mi comunidad y que algún día mi hija pueda sentirse orgullosa de lo que su mamá ayudó a construir. Pensar en eso se convirtió en uno de mis motores para seguir.</p>



<p class="wp-block-paragraph"><div class="altavoz-quote">  <div class="altavoz-quote__inner">    <div class="altavoz-quote__text"><p> Lo más difícil sigue siendo intentar hacer bien las dos cosas: ser mamá y ser líder. No desatender una por hacer la otra. En ese proceso he entendido algo fundamental: no puedo hacerlo sola.</p>
</div>    <div class="altavoz-quote__by">— Kathleen Palacios</div>  </div></div></p>



<p class="wp-block-paragraph">Hoy mi hija tiene 18 meses. Trabajo, estudio y estoy escribiendo la monografía para graduarme de mi segunda carrera. También sigo inmersa en procesos de liderazgo y actualmente soy presidenta de la Fundación Umoja, desde donde trabajamos por el empoderamiento femenino y por fortalecer el papel de las mujeres en la construcción de paz.&nbsp;</p>



<p class="wp-block-paragraph">Sin embargo, hacer todo esto no significa que haya encontrado una fórmula para equilibrarlo perfectamente. Lo más difícil sigue siendo intentar hacer bien las dos cosas: ser mamá y ser líder. No desatender una por hacer la otra. En ese proceso he entendido algo fundamental: no puedo hacerlo sola. Contar con una red de apoyo ha sido indispensable. Hubo momentos en los que no podía asistir a una reunión y las personas con las que trabajaba iban hasta mi casa. En otras ocasiones, mi familia podía cuidar a mi hija y eso me permitía continuar participando en las dinámicas de liderazgo.</p>



<p class="wp-block-paragraph">A veces nos quedamos calladas porque creemos que tenemos que poder con todo. Pero también tenemos que aprender a pedir ayuda cuando la necesitamos. Mirar la historia de otras lideresas que han podido continuar también ayuda. Nos recuerda que no estamos solas y que la maternidad no tiene por qué significar renunciar a aquello que hemos construido, por lo que hemos trabajado desde hace tanto.</p>



<p class="wp-block-paragraph">Quiero seguir siendo parte de las dinámicas de liderazgo de mi territorio. Quiero ser un referente para otras mujeres y para mi comunidad. Quiero aportar a la construcción de un mejor Chocó, donde nuestras acciones contribuyan a la paz y a una mejor convivencia.</p>



<p class="wp-block-paragraph">Ser mamá transformó mi vida, pero no acabó con mi liderazgo. Ahora también sé por quién quiero seguir construyendo ese camino.</p>

<p>Cuando fui mamá, por momentos sentí que tenía que elegir. Elegir entre seguir cumpliendo con mis roles de liderazgo o cumplir con mi nuevo rol de madre. Los tiempos se cruzaban, las responsabilidades también y apareció la frustración de querer hacer ambas cosas bien y sentir que, tal vez, no podía. Sentir que no iba&hellip;</p>
